38)/9 - 1/(-3). Let g(s) = -2*s - 14. Let l be g(t). Calculate the greatest common factor of 48 and l.
16
Suppose -2*r - r = 2*w - 48, 2*w + r = 52. Let i = -16 + w. Calculate the greatest common factor of 22 and i.
11
Let k be 16/(-20) - (-64)/5. Calculate the greatest common factor of k and 24.
12
Let k be (6 - 1/1)*16. Calculate the greatest common factor of k and 10.
10
Suppose 5*r + 2*t = 40 - 5, 21 = 3*r - 4*t. Suppose 0 = 2*g - 3*g. Suppose 56 = -g*n + 2*n. Calculate the highest common divisor of n and r.
7
Let g = -94 + 177. Suppose -5*f + 4*j + g = 0, 85 = 5*f + j - 6*j. Calculate the greatest common factor of f and 60.
15
Let r = -320 + 716. Suppose 0 = 2*k - 2*d - 64, k - 6 = 5*d + 10. Calculate the greatest common factor of k and r.
36
Let u(d) = d + 2. Let g be u(0). Let z be g/(-8) - 90/(-8). Let b = -8 + z. Calculate the greatest common divisor of 15 and b.
3
Let q = 1 - 2. Let w = q - -5. Calculate the greatest common factor of w and 20.
4
Suppose 0 = 5*m - 4*x - 131, 5*m = 3*x - 2*x + 119. Calculate the greatest common divisor of 207 and m.
23
Let h = 4 - -36. Calculate the highest common divisor of h and 4.
4
Let s be (-567)/(-35) + (-3)/15. Calculate the greatest common divisor of 80 and s.
16
Suppose 3*o = -n - 0 - 3, -5*n + 35 = 5*o. Let c = 88 + 20. What is the greatest common divisor of n and c?
12
Let z be 1*-1 - (-206 - 5). Let x = z - 135. Calculate the greatest common factor of x and 25.
25
Let b(z) = z**2 + 11*z + 3. Let w be b(-11). What is the highest common factor of w and 33?
3
Suppose -4 = 5*f + 11. Let a be 8/f*(-36)/16. Suppose 2*w = a*w - 260. What is the greatest common factor of 26 and w?
13
Suppose -h - 5*f = -2*h + 24, -4*h - 3*f = -73. Let t = -6 + -4. Let v = t + h. Calculate the greatest common divisor of v and 18.
9
Suppose -5*k - 4*q + 30 = -5*q, -3*q = 0. Suppose 10 - 25 = -5*v. What is the highest common factor of v and k?
3
Let h = 42 + -30. Let k = 10 + 86. What is the greatest common factor of k and h?
12
Let i be 2/3 - 1939/(-21). Suppose c = -i + 282. What is the greatest common divisor of 21 and c?
21
Let z(j) = -2*j**3 + 17*j**2 + 6*j. Let l be z(8). Calculate the highest common divisor of 14 and l.
14
Let t be (-1580)/(-6) + 32/48. What is the greatest common factor of 11 and t?
11
Let p = -3 - 2. Let j = p + 12. What is the greatest common factor of j and 49?
7
Let w = -22 + 31. Calculate the greatest common factor of 99 and w.
9
Suppose y - 80 = -17. Calculate the highest common factor of 9 and y.
9
Let q be (-771)/(-21) + (-4)/(-14). Let t = q + -20. Calculate the highest common factor of 17 and t.
17
Let y = -127 + 131. Calculate the highest common divisor of 64 and y.
4
Let v(x) = x**2 - 7*x - 9. Let b be v(7). Let z = -1 - b. Let w be (-6)/(-8) + 786/z. What is the greatest common divisor of w and 11?
11
Let q(k) = k**3 + 5*k**2 + 5*k + 4. Let g be q(-3). Let r(p) = -p + 2 + 9*p**2 - 3*p**2 + 2*p**2. Let j be r(-3). What is the highest common divisor of g and j?
7
Suppose 4*s - 37 = -25. What is the greatest common divisor of 12 and s?
3
Let r(f) = -2*f - 7. Let h be r(-8). What is the greatest common factor of 36 and h?
9
Suppose -3*d - 7 = -3*r - 1, -r - 6 = -3*d. Suppose 3*w = -4*s + 18, 4*s = -0*s. What is the highest common divisor of w and r?
6
Let o = 7 + -3. Let z(y) = y**3 - 3*y**2 - 3*y - 2. Let d be z(o). Calculate the greatest common divisor of 18 and d.
2
Let j(g) = -3*g + 3. Let z(m) = m. Let b(a) = -j(a) - 4*z(a). Let p be b(-7). Let k = -44 + 76. Calculate the greatest common factor of p and k.
4
Let i(r) = r + 7. Let w be i(-5). Suppose 4 = w*j - 2. Calculate the greatest common factor of 3 and j.
3
Let n = -23 + 33. Let p = 81 - 1. What is the highest common divisor of n and p?
10
Let w(c) = c + 10. Let k be w(-7). Suppose 5*i = 2*i - 6. Let o be 19 - (1 + i + k). What is the highest common divisor of 17 and o?
17
Suppose -2*c + 72 = -8. Let r(z) = -2*z - 4. Let f be r(-7). What is the greatest common divisor of f and c?
10
Let c = 2 + 4. Let s be (-55)/(-15) + 2/(-3). Suppose -5*v + 16 - 383 = -3*u, 0 = -s*v - c. What is the highest common factor of 17 and u?
17
Suppose 65 - 11 = 2*c + 5*z, -4*c = 4*z - 84. Calculate the greatest common factor of c and 68.
17
Let p = -21 + 28. Suppose 0 = p*g - 8*g + 25. Calculate the highest common factor of 175 and g.
25
Let x = -2 + 3. Let m(v) = 2*v**2 + 2*v - 2. Let o be m(-2). Let s = o + -1. Calculate the greatest common divisor of x and s.
1
Let a = -241 - -263. Let s = -71 - -137. What is the highest common divisor of a and s?
22
Suppose -16 = -4*b, b = 5*g + 4*b - 62. What is the greatest common factor of 15 and g?
5
Suppose 2*g + 2*c = c - 25, 44 = -3*g + 5*c. Let k(i) = -3*i - 2. Let w be k(g). Calculate the greatest common divisor of w and 148.
37
Suppose 25 = 5*p - 0*p. Suppose 0 = -4*f - 4*t + 304, 3*f - p*t + 0*t = 260. What is the greatest common divisor of f and 32?
16
Let c = 0 - 20. Let h = 32 + c. Calculate the greatest common divisor of h and 30.
6
Let b = 20 + -10. Suppose g + 2 + 5 = 5*f, -2*g + 10 = 2*f. Suppose 4*d - 180 = f*d. What is the greatest common divisor of b and d?
10
Let p(v) = 3*v**2 - v + 2. Let f be p(2). Calculate the greatest common divisor of 96 and f.
12
Suppose 5*i - 10 + 0 = 0, 26 = -2*h + 3*i. Let v = h - -17. Calculate the greatest common factor of 35 and v.
7
Suppose 0 = -2*f + r, f + 5*r + 5 + 6 = 0. Let p(d) = 13*d**2 - d. Let z be p(f). Let u = 18 - -10. Calculate the highest common divisor of u and z.
14
Let x be (4/5)/(4/10). Let j be 0 - (-2 + -1 - -3). Let z(t) = -t**2 + 2*t + 2. Let q be z(j). What is the greatest common divisor of x and q?
2
Let f(k) = -6*k - 56. Let b be f(-10). What is the highest common factor of 28 and b?
4
Let t(s) = 9*s**3 + s**2 - 1. Let o be t(1). Calculate the greatest common divisor of o and 45.
9
Let i be (0 + 2)/((-11)/(-121)). Calculate the highest common factor of 176 and i.
22
Suppose 3*q + 44 = v, -88 = -2*v - 0*v - 3*q. Calculate the greatest common factor of 132 and v.
44
Let r(u) = -u**3 + 15*u**2 + u - 6. Let i be r(15). Let f = -61 + 124. Calculate the highest common divisor of i and f.
9
Let z be (-1)/2*(-31 - -3). Suppose 5*p + 2*q = -0*p + 490, 2*p = -5*q + 196. Calculate the greatest common divisor of z and p.
14
Let a = -145 + 151. Suppose 0 = 3*z - 0*z - 12. Suppose z*t - 12 = y + 15, 4*t - 4*y = 36. Calculate the highest common factor of a and t.
6
Let v(u) = 5*u**2 - u**3 - 3*u - 4*u + 2*u + 4. Let j be v(3). Let b = -22 - -36. Calculate the highest common factor of j and b.
7
Suppose -5*s + 234 = -151. What is the greatest common divisor of s and 11?
11
Suppose -327 = -4*u + 4*n - 99, -2*n - 168 = -3*u. What is the highest common factor of 6 and u?
6
Let b be (1 - (-7)/(-3))*6. Let p = b - -14. Calculate the greatest common divisor of 42 and p.
6
Suppose 33 = 16*w - 95. Calculate the highest common factor of w and 8.
8
Let k = -8 - -3. Let c(w) = -w**3 - 5*w**2 - w + 4. Let y be c(k). What is the greatest common divisor of 81 and y?
9
Suppose 0 = n + 11 - 43. Calculate the highest common factor of n and 8.
8
Let r(g) = g**3 + 6*g**2 - 11*g - 8. Let w be r(-7). What is the highest common factor of 20 and w?
20
Let j = 10 - -26. Suppose 4*l + 2*f - 128 = 0, -l - 2*f - f = -22. Suppose j + l = 5*u. What is the highest common divisor of u and 28?
14
Let s(r) = -r**3 + 5*r**2 + 5*r - 5. Let l be s(5). Let t be (3/6)/(1/(-396)). Let m be (-7)/(-14) + t/(-4). What is the highest common factor of l and m?
10
Let q be (12/42)/(1/7). Suppose -5*m + 2*v = -0*m - 656, q*m + v - 266 = 0. What is the greatest common divisor of 12 and m?
12
Suppose -v = -4*v. Let c be (v + -1)*(0 - 5). Suppose 4*d - 3*n = -0*n + 535, d - c*n - 121 = 0. What is the greatest common factor of 17 and d?
17
Let u(m) = -m**3 - 4*m**2 + 4*m - 1. Let v be u(-5). Suppose v*c = 10*c - 300. What is the greatest common divisor of 20 and c?
10
Let m = 7 - 4. Suppose -m = -2*g + 1. Suppose c = 3*c + 4*l - 36, 0 = c - 2*l + g. What is the greatest common divisor of c and 1?
1
Let o(m) = -1 - m**2 + 3 + 1 - 12*m. Let c be o(-8). Let u = 50 - c. Calculate the highest common factor of u and 15.
15
Suppose -4*q - q + 80 = 0. Suppose q = x - 0*x. Calculate the greatest commo